{"id":476,"date":"2016-03-04T20:23:00","date_gmt":"2016-03-04T20:23:00","guid":{"rendered":"http:\/\/budapest.degrowth.org\/?page_id=476"},"modified":"2016-09-18T16:47:50","modified_gmt":"2016-09-18T16:47:50","slug":"hrvatski","status":"publish","type":"page","link":"https:\/\/budapest.degrowth.org\/?page_id=476","title":{"rendered":"hrvatski"},"content":{"rendered":"<div class=\"synved-social-container synved-social-container-share\" style=\"text-align: right\"><a class=\"synved-social-button synved-social-button-share synved-social-size-16 synved-social-resolution-single synved-social-provider-facebook nolightbox\" data-provider=\"facebook\" target=\"_blank\" rel=\"nofollow\" title=\"Share on Facebook\" href=\"https:\/\/www.facebook.com\/sharer.php?u=https%3A%2F%2Fbudapest.degrowth.org%2Findex.php%3Frest_route%3D%252Fwp%252Fv2%252Fpages%252F476&#038;t=hrvatski&#038;s=100&#038;p&#091;url&#093;=https%3A%2F%2Fbudapest.degrowth.org%2Findex.php%3Frest_route%3D%252Fwp%252Fv2%252Fpages%252F476&#038;p&#091;images&#093;&#091;0&#093;=http%3A%2F%2Fbudapest.degrowth.viper.ecobytes.net%2Fwp-content%2Fuploads%2Fsites%2F2%2F2015%2F09%2Fdegrowth_conference_budapest_20161-300x298.png&#038;p&#091;title&#093;=hrvatski\" style=\"font-size: 0px; width:16px;height:16px;margin:0;margin-bottom:5px;margin-right:5px;\"><img alt=\"Facebook\" title=\"Share on Facebook\" class=\"synved-share-image synved-social-image synved-social-image-share\" width=\"16\" height=\"16\" style=\"display: inline; width:16px;height:16px; margin: 0; padding: 0; border: none; box-shadow: none;\" src=\"https:\/\/budapest.degrowth.org\/wp-content\/plugins\/social-media-feather\/synved-social\/image\/social\/regular\/32x32\/facebook.png\" \/><\/a><a class=\"synved-social-button synved-social-button-share synved-social-size-16 synved-social-resolution-single synved-social-provider-twitter nolightbox\" data-provider=\"twitter\" target=\"_blank\" rel=\"nofollow\" title=\"Share on Twitter\" href=\"https:\/\/twitter.com\/intent\/tweet?url=https%3A%2F%2Fbudapest.degrowth.org%2Findex.php%3Frest_route%3D%252Fwp%252Fv2%252Fpages%252F476&#038;text=Hey%20check%20this%20out\" style=\"font-size: 0px; width:16px;height:16px;margin:0;margin-bottom:5px;margin-right:5px;\"><img alt=\"twitter\" title=\"Share on Twitter\" class=\"synved-share-image synved-social-image synved-social-image-share\" width=\"16\" height=\"16\" style=\"display: inline; width:16px;height:16px; margin: 0; padding: 0; border: none; box-shadow: none;\" src=\"https:\/\/budapest.degrowth.org\/wp-content\/plugins\/social-media-feather\/synved-social\/image\/social\/regular\/32x32\/twitter.png\" \/><\/a><a class=\"synved-social-button synved-social-button-share synved-social-size-16 synved-social-resolution-single synved-social-provider-reddit nolightbox\" data-provider=\"reddit\" target=\"_blank\" rel=\"nofollow\" title=\"Share on Reddit\" href=\"https:\/\/www.reddit.com\/submit?url=https%3A%2F%2Fbudapest.degrowth.org%2Findex.php%3Frest_route%3D%252Fwp%252Fv2%252Fpages%252F476&#038;title=hrvatski\" style=\"font-size: 0px; width:16px;height:16px;margin:0;margin-bottom:5px;margin-right:5px;\"><img alt=\"reddit\" title=\"Share on Reddit\" class=\"synved-share-image synved-social-image synved-social-image-share\" width=\"16\" height=\"16\" style=\"display: inline; width:16px;height:16px; margin: 0; padding: 0; border: none; box-shadow: none;\" src=\"https:\/\/budapest.degrowth.org\/wp-content\/plugins\/social-media-feather\/synved-social\/image\/social\/regular\/32x32\/reddit.png\" \/><\/a><a class=\"synved-social-button synved-social-button-share synved-social-size-16 synved-social-resolution-single synved-social-provider-pinterest nolightbox\" data-provider=\"pinterest\" target=\"_blank\" rel=\"nofollow\" title=\"Pin it with Pinterest\" href=\"https:\/\/pinterest.com\/pin\/create\/button\/?url=https%3A%2F%2Fbudapest.degrowth.org%2Findex.php%3Frest_route%3D%252Fwp%252Fv2%252Fpages%252F476&#038;media=http%3A%2F%2Fbudapest.degrowth.viper.ecobytes.net%2Fwp-content%2Fuploads%2Fsites%2F2%2F2015%2F09%2Fdegrowth_conference_budapest_20161-300x298.png&#038;description=hrvatski\" style=\"font-size: 0px; width:16px;height:16px;margin:0;margin-bottom:5px;margin-right:5px;\"><img alt=\"pinterest\" title=\"Pin it with Pinterest\" class=\"synved-share-image synved-social-image synved-social-image-share\" width=\"16\" height=\"16\" style=\"display: inline; width:16px;height:16px; margin: 0; padding: 0; border: none; box-shadow: none;\" src=\"https:\/\/budapest.degrowth.org\/wp-content\/plugins\/social-media-feather\/synved-social\/image\/social\/regular\/32x32\/pinterest.png\" \/><\/a><a class=\"synved-social-button synved-social-button-share synved-social-size-16 synved-social-resolution-single synved-social-provider-linkedin nolightbox\" data-provider=\"linkedin\" target=\"_blank\" rel=\"nofollow\" title=\"Share on Linkedin\" href=\"https:\/\/www.linkedin.com\/shareArticle?mini=true&#038;url=https%3A%2F%2Fbudapest.degrowth.org%2Findex.php%3Frest_route%3D%252Fwp%252Fv2%252Fpages%252F476&#038;title=hrvatski\" style=\"font-size: 0px; width:16px;height:16px;margin:0;margin-bottom:5px;margin-right:5px;\"><img alt=\"linkedin\" title=\"Share on Linkedin\" class=\"synved-share-image synved-social-image synved-social-image-share\" width=\"16\" height=\"16\" style=\"display: inline; width:16px;height:16px; margin: 0; padding: 0; border: none; box-shadow: none;\" src=\"https:\/\/budapest.degrowth.org\/wp-content\/plugins\/social-media-feather\/synved-social\/image\/social\/regular\/32x32\/linkedin.png\" \/><\/a><a class=\"synved-social-button synved-social-button-share synved-social-size-16 synved-social-resolution-single synved-social-provider-tumblr nolightbox\" data-provider=\"tumblr\" target=\"_blank\" rel=\"nofollow\" title=\"Share on tumblr\" href=\"https:\/\/tumblr.com\/share?s=&#038;v=3&#038;t=hrvatski&#038;u=https%3A%2F%2Fbudapest.degrowth.org%2Findex.php%3Frest_route%3D%252Fwp%252Fv2%252Fpages%252F476\" style=\"font-size: 0px; width:16px;height:16px;margin:0;margin-bottom:5px;margin-right:5px;\"><img alt=\"tumblr\" title=\"Share on tumblr\" class=\"synved-share-image synved-social-image synved-social-image-share\" width=\"16\" height=\"16\" style=\"display: inline; width:16px;height:16px; margin: 0; padding: 0; border: none; box-shadow: none;\" src=\"https:\/\/budapest.degrowth.org\/wp-content\/plugins\/social-media-feather\/synved-social\/image\/social\/regular\/32x32\/tumblr.png\" \/><\/a><a class=\"synved-social-button synved-social-button-share synved-social-size-16 synved-social-resolution-single synved-social-provider-mail nolightbox\" data-provider=\"mail\" rel=\"nofollow\" title=\"Share by email\" href=\"mailto:?subject=hrvatski&#038;body=Hey%20check%20this%20out:%20https%3A%2F%2Fbudapest.degrowth.org%2Findex.php%3Frest_route%3D%252Fwp%252Fv2%252Fpages%252F476\" style=\"font-size: 0px; width:16px;height:16px;margin:0;margin-bottom:5px;margin-right:5px;\"><img alt=\"mail\" title=\"Share by email\" class=\"synved-share-image synved-social-image synved-social-image-share\" width=\"16\" height=\"16\" style=\"display: inline; width:16px;height:16px; margin: 0; padding: 0; border: none; box-shadow: none;\" src=\"https:\/\/budapest.degrowth.org\/wp-content\/plugins\/social-media-feather\/synved-social\/image\/social\/regular\/32x32\/mail.png\" \/><\/a><\/div><p><strong>KONFERENCIJA O ODRASTU U BUDIMPE\u0160TI: RA\u0110ANJE NOVIH VIZIJA<\/strong><br \/>\nVi\u0161e od 600 ljudi iz cijelog svijeta sudjelovalo je u Budimpe\u0161ti na petoj Me\u0111unarodnoj konferenciji o odrastu. Po prvi puta, paralelno sa konferencijom, organiziran je i Tjedan odrasta: otvoreni festival koji je okupio vi\u0161e tisu\u0107a ljudi na nekoliko gradskih lokacija. U tjednu odrasta organizirane su ture, umjetni\u010dki performansi, radionice, panelske rasprave i koncerti. Time se stvorio prostor gdje se, kroz dijalog, zajednica odrastnika mogla povezati s partnerima, prijateljicama i stanovnicima Budimpe\u0161te.<br \/>\nSvi doga\u0111aji bili su organizirani u skladu s principima odrasta: suradnja s lokalnim proizvo\u0111a\u010dicama hrane i pi\u0107a, nenasilna komunikacija, transparentnost i direktna demokracija, uklju\u010divanja razli\u010ditih partnerica, organizatora i sudionica, te dijalog izme\u0111u razli\u010ditih aktera iz raznih podru\u010dja djelovanja.<br \/>\nOdrast se u praksi mogao iskusiti kroz cijeli proces organizacije konferencije i tjedna odrasta, a zaklju\u010dno se zajednica uredoto\u010duje na pitanja: Je li odrast dru\u0161tveni pokret, ili pak mre\u017ea pokreta i inicijativa? Koje su mogu\u0107nosti budu\u0107e interakcije izme\u0111u lokalnog i globalnog u odrast inicijativama? Kako stvoriti funkcionalnije saveze? Koji \u0107e narativ prevladati kada govorimo o odrastu? Kako pomoriti te\u017enje za broj\u010danim odre\u0111enjem &#8216;razine odrasta&#8217; i kvalitativnim razumijevanjem kulturalne promjene koja je odrastu nu\u017ena? Diskusije i odgovori na neka od tih pitanja mogu se prona\u0107i na na\u0161oj internetskoj stranici (http:\/\/goo.gl\/bWXJqv).<\/p>\n<p>Odr\u017eano je i vi\u0161e od 100 intervjua s ma\u0111arskim i me\u0111unarodnim medijima. (http:\/\/goo.gl\/q84As).<br \/>\n\u017deljeli bi se zahvaliti na\u0161im partnericama i sudionicima, te svima drugima koje su na razne na\u010dine doprinijele konferenciji.<br \/>\nHvala vam prijatelji i susjedi u Budimpe\u0161ti, nastavljamo dalje graditi dijalog.<\/p>\n<p>Organizacijski tim pete me\u0111unarodne konferencije o odrastu i Institut za politi\u010dku ekologiju.<\/p>\n<p>&nbsp;<\/p>\n<p>&nbsp;<\/p>\n<p><img decoding=\"async\" class=\"alignleft\" src=\"http:\/\/budapest.degrowth.viper.ecobytes.net\/wp-content\/uploads\/sites\/2\/2015\/09\/degrowth_conference_budapest_20161-300x298.png\" alt=\"degrowth_conference_budapest_2016\" \/><\/p>\n<p><strong>Peta me\u0111unarodna konferencija o odrastu odr\u017eat \u0107e se u Budimpe\u0161ti, na sveu\u010dili\u0161tu Corvinus, od 30. kolovoza do 3. rujna 2016. Konferencija \u0107e ugostiti najpoznatije teoreti\u010darke i istra\u017eiva\u010de odrasta kako bi jo\u0161 jednom razmijenili ideje i povezali se s regionalnom znanstvenom i aktivisti\u010dkom zajednicom, te posjetiteljima Tjedna odrasta. Po prvi puta, paralelno s konferencijom, odr\u017eat \u0107e se Tjedan odrasta, a ugostit \u0107e brojne aktivistkinje, umjetnike, proizvo\u0111a\u010dice, kreatore javnih politika i ostalu zainteresiranu publiku. Ovogodi\u0161nja je konferencija o odrastu zajedni\u010dki poduhvat organizacija iz nekoliko zemalja Europe: Instituta za politi\u010dku ekologiju (Hrvatska), Focusa (Slovenija), Cargonomije (Ma\u0111arska), Sveu\u010dili\u0161ta Corvinus (Ma\u0111arska), Instituta Greendependent (Ma\u0111arska), ESSRG (Ma\u0111arska), Research and Degrowth (\u0160panjolska).<\/strong><\/p>\n<p>Odrast je pokret koji nas podsje\u0107a da neograni\u010den rast na planetu ograni\u010denih resursa nije ni po\u017eeljan, ni odr\u017eiv. Odrast dekonstruira mit da je ekonomski rast klju\u010dno rje\u0161enje za izlazak iz slijepe ulice u koju smo se kao dru\u0161tvo doveli, poku\u0161ava shvatiti isprepletenost ekolo\u0161kih, ekonomskih, politi\u010dkih i dru\u0161tvenih kriza u kojima se nalazimo, te tvrdi kako su te krize me\u0111usobno povezane. Pokret odrasta trudi se izgraditi jasne demokratske puteve koji vode prema ve\u0107oj dru\u0161tvenoj i ekolo\u0161koj pravednosti, prema dobrobiti pojedinca, prema \u017eivotu vrijednom \u017eivljenja za sve, dru\u0161tvenoj i osobnoj emancipaciji, konvivijalnosti i autonomiji.<br \/>\nNakon Pariza 2008., Barcelone 2010., Venecije 2012. i Leipziga 2014. godine, peta me\u0111unarodna znanstvena konferencija o odrastu za ekolo\u0161ku odr\u017eivost i dru\u0161tvenu pravednost, odr\u017eat \u0107e se na Sveu\u010dili\u0161tu Corvinus u Budimpe\u0161ti, od 30. kolovoza do 3. rujna 2016. godine.<\/p>\n<p>Konferencija \u0107e prvenstveno biti to\u010dka okupljanja istaknutih akademskih istra\u017eiva\u010da i istra\u017eiva\u010dica iz cijelog svijeta kako bi im se omogu\u0107ilo mjesto za raspravu o najnovijim razvojima u ovom novom interdisciplinarnom istra\u017eiva\u010dkom polju. Fokus \u0107e biti na pitanjima prekora\u010denja ekolo\u0161kih limita, te poraz ekonomske infrastrukture u pru\u017eanju dostojnog \u017eivota svima u dru\u0161tvu. Tako\u0111er, plan je da se tijekom konferencije znanstvena zajednica i \u201eprakti\u010dni\u201c odrastnici me\u0111usobno pove\u017eu i zajedno artikuliraju odr\u017eive alternative postoje\u0107em dru\u0161tveno-ekonomskom poretku.\u00a0U sklopu konferencije zami\u0161ljen je prostor i za \u0161iru publiku. Budimpe\u0161ta \u0107e tako biti prvi grad koji \u0107e organizirati Tjedan odrasta, novu platformu za prakti\u010dne aktivnosti i radionice, partnerstva s lokalnim inicijativama, participativne rasprave i debate izme\u0111u \u0161irokog kruga dionika, te za kulturne, umjetni\u010dke i kreativne programe koji \u0107e se odr\u017eavati po cijelom gradu.<\/p>\n<p>Odrast nije potpuno nova ideja u Srednjoj Europi. Ova konferencija se konceptualno temelji na radu istaknutog ma\u0111arskog teoreti\u010dara Karla Polanyija i na njegovoj knjizi <em>Velika transformacija<\/em> (eng. <em>The Great Transformation<\/em>) koja se smatra jednim od temeljnih djela teorije o odrastu.<br \/>\nU o\u017eujku ove godine u izdanju Instituta za politi\u010dku ekologiju i Frakture d.o.o. na hrvatskom izlazi <em>Odrast: pojmovnik za novu eru<\/em>, koju su izvorno uredili Giacomo D\u2019Alisa, Federico Demaria i Giorgos Kallis.<\/p>\n<p>U Ma\u0111arskoj je 2011. godine na ma\u0111arski prevedena knjiga Sergea Latouchea <em>Farewell to Growth<\/em>, suvremeno temeljno djelo teorije o odrastu, a 2015. godine na iza\u0161ao je <em>Projekt od-rasti: Manifest za brezpogojno podporo za neodvisnost<\/em>, slovenski prijevod knjige Vincenta Liegeya, St\u00e9phane Madelaine, Christophea Ondeta i Anne-Isabelle Veillot.<\/p>\n<p><strong>Pridru\u017eite nam se u Budimpe\u0161ti.<\/strong><\/p>\n","protected":false},"excerpt":{"rendered":"<p>KONFERENCIJA O ODRASTU U BUDIMPE\u0160TI: RA\u0110ANJE NOVIH VIZIJA Vi\u0161e od 600 ljudi iz cijelog svijeta sudjelovalo je u Budimpe\u0161ti na petoj Me\u0111unarodnoj konferenciji o odrastu. Po prvi puta, paralelno sa konferencijom, organiziran je i Tjedan odrasta: otvoreni festival koji je okupio vi\u0161e tisu\u0107a ljudi na nekoliko gradskih lokacija. U tjednu [&hellip;]<\/p>\n","protected":false},"author":6,"featured_media":0,"parent":425,"menu_order":1,"comment_status":"closed","ping_status":"closed","template":"page-templates\/template-full-width.php","meta":[],"yoast_head":"<!-- This site is optimized with the Yoast SEO plugin v16.2 - https:\/\/yoast.com\/wordpress\/plugins\/seo\/ -->\n<title>hrvatski - 5th International Degrowth Conference<\/title>\n<meta name=\"robots\" content=\"index, follow, max-snippet:-1, max-image-preview:large, max-video-preview:-1\" \/>\n<link rel=\"canonical\" href=\"https:\/\/budapest.degrowth.org\/?page_id=476\" \/>\n<meta property=\"og:locale\" content=\"en_US\" \/>\n<meta property=\"og:type\" content=\"article\" \/>\n<meta property=\"og:title\" content=\"hrvatski - 5th International Degrowth Conference\" \/>\n<meta property=\"og:description\" content=\"KONFERENCIJA O ODRASTU U BUDIMPE\u0160TI: RA\u0110ANJE NOVIH VIZIJA Vi\u0161e od 600 ljudi iz cijelog svijeta sudjelovalo je u Budimpe\u0161ti na petoj Me\u0111unarodnoj konferenciji o odrastu. Po prvi puta, paralelno sa konferencijom, organiziran je i Tjedan odrasta: otvoreni festival koji je okupio vi\u0161e tisu\u0107a ljudi na nekoliko gradskih lokacija. U tjednu [&hellip;]\" \/>\n<meta property=\"og:url\" content=\"https:\/\/budapest.degrowth.org\/?page_id=476\" \/>\n<meta property=\"og:site_name\" content=\"5th International Degrowth Conference\" \/>\n<meta property=\"article:modified_time\" content=\"2016-09-18T16:47:50+00:00\" \/>\n<meta property=\"og:image\" content=\"http:\/\/budapest.degrowth.viper.ecobytes.net\/wp-content\/uploads\/sites\/2\/2015\/09\/degrowth_conference_budapest_20161-300x298.png\" \/>\n<meta name=\"twitter:card\" content=\"summary\" \/>\n<meta name=\"twitter:label1\" content=\"Est. reading time\">\n\t<meta name=\"twitter:data1\" content=\"4 minutes\">\n<script type=\"application\/ld+json\" class=\"yoast-schema-graph\">{\"@context\":\"https:\/\/schema.org\",\"@graph\":[{\"@type\":\"WebSite\",\"@id\":\"https:\/\/budapest.degrowth.org\/#website\",\"url\":\"https:\/\/budapest.degrowth.org\/\",\"name\":\"5th International Degrowth Conference\",\"description\":\"\",\"potentialAction\":[{\"@type\":\"SearchAction\",\"target\":\"https:\/\/budapest.degrowth.org\/?s={search_term_string}\",\"query-input\":\"required name=search_term_string\"}],\"inLanguage\":\"en-US\"},{\"@type\":\"ImageObject\",\"@id\":\"https:\/\/budapest.degrowth.org\/?page_id=476#primaryimage\",\"inLanguage\":\"en-US\",\"url\":\"http:\/\/budapest.degrowth.viper.ecobytes.net\/wp-content\/uploads\/sites\/2\/2015\/09\/degrowth_conference_budapest_20161-300x298.png\",\"contentUrl\":\"http:\/\/budapest.degrowth.viper.ecobytes.net\/wp-content\/uploads\/sites\/2\/2015\/09\/degrowth_conference_budapest_20161-300x298.png\"},{\"@type\":\"WebPage\",\"@id\":\"https:\/\/budapest.degrowth.org\/?page_id=476#webpage\",\"url\":\"https:\/\/budapest.degrowth.org\/?page_id=476\",\"name\":\"hrvatski - 5th International Degrowth Conference\",\"isPartOf\":{\"@id\":\"https:\/\/budapest.degrowth.org\/#website\"},\"primaryImageOfPage\":{\"@id\":\"https:\/\/budapest.degrowth.org\/?page_id=476#primaryimage\"},\"datePublished\":\"2016-03-04T20:23:00+00:00\",\"dateModified\":\"2016-09-18T16:47:50+00:00\",\"breadcrumb\":{\"@id\":\"https:\/\/budapest.degrowth.org\/?page_id=476#breadcrumb\"},\"inLanguage\":\"en-US\",\"potentialAction\":[{\"@type\":\"ReadAction\",\"target\":[\"https:\/\/budapest.degrowth.org\/?page_id=476\"]}]},{\"@type\":\"BreadcrumbList\",\"@id\":\"https:\/\/budapest.degrowth.org\/?page_id=476#breadcrumb\",\"itemListElement\":[{\"@type\":\"ListItem\",\"position\":1,\"item\":{\"@type\":\"WebPage\",\"@id\":\"https:\/\/budapest.degrowth.org\/\",\"url\":\"https:\/\/budapest.degrowth.org\/\",\"name\":\"Home\"}},{\"@type\":\"ListItem\",\"position\":2,\"item\":{\"@type\":\"WebPage\",\"@id\":\"https:\/\/budapest.degrowth.org\/?page_id=425\",\"url\":\"https:\/\/budapest.degrowth.org\/?page_id=425\",\"name\":\"Other languages\"}},{\"@type\":\"ListItem\",\"position\":3,\"item\":{\"@id\":\"https:\/\/budapest.degrowth.org\/?page_id=476#webpage\"}}]}]}<\/script>\n<!-- \/ Yoast SEO plugin. -->","_links":{"self":[{"href":"https:\/\/budapest.degrowth.org\/index.php?rest_route=\/wp\/v2\/pages\/476"}],"collection":[{"href":"https:\/\/budapest.degrowth.org\/index.php?rest_route=\/wp\/v2\/pages"}],"about":[{"href":"https:\/\/budapest.degrowth.org\/index.php?rest_route=\/wp\/v2\/types\/page"}],"author":[{"embeddable":true,"href":"https:\/\/budapest.degrowth.org\/index.php?rest_route=\/wp\/v2\/users\/6"}],"replies":[{"embeddable":true,"href":"https:\/\/budapest.degrowth.org\/index.php?rest_route=%2Fwp%2Fv2%2Fcomments&post=476"}],"version-history":[{"count":5,"href":"https:\/\/budapest.degrowth.org\/index.php?rest_route=\/wp\/v2\/pages\/476\/revisions"}],"predecessor-version":[{"id":1442,"href":"https:\/\/budapest.degrowth.org\/index.php?rest_route=\/wp\/v2\/pages\/476\/revisions\/1442"}],"up":[{"embeddable":true,"href":"https:\/\/budapest.degrowth.org\/index.php?rest_route=\/wp\/v2\/pages\/425"}],"wp:attachment":[{"href":"https:\/\/budapest.degrowth.org\/index.php?rest_route=%2Fwp%2Fv2%2Fmedia&parent=476"}],"curies":[{"name":"wp","href":"https:\/\/api.w.org\/{rel}","templated":true}]}}